13*k + 9. Let q be w(17). Suppose 4 = 4*i, 0*i + q = -b + i. Let h = -778 - b. Is h a prime number?
True
Let o(p) = -p**2 - 13*p - 36. Let f be o(-8). Suppose -2*y + 6 = f. Is 25/25*y*541 a prime number?
True
Let n = 101311 - 50712. Is n a prime number?
True
Suppose -k - 5*b + 25057 = 0, -k - 222*b + 227*b + 25057 = 0. Is k composite?
False
Suppose -338*y + 112 = -342*y. Let i(n) = -89*n - 5. Is i(y) prime?
False
Is (56/8 - -7162)*1 a prime number?
False
Let i be (20/(-10))/((-50)/54 - -1). Let a = i + 27. Suppose y + 2*g - 185 = a, 3*y = 7*y - g - 767. Is y a composite number?
False
Suppose j - 5*j + 3*b = -45, 0 = 4*j - 5*b - 51. Let h = j + -7. Suppose 0 = -6*a + h*a + 28. Is a prime?
True
Suppose 12 = 2*w - 2*v + 3*v, -5*v - 15 = -5*w. Let r be (w - 63/14) + 26/4. Suppose 1782 = -r*b + 7151. Is b composite?
True
Let z be 1/(-2)*(39/(-13) + -3). Is ((-26)/z - -8)*-2253 prime?
False
Let x = 37278 - -6113. Is x a composite number?
False
Let z(k) = -k**3 + 5*k**2 - 3*k - 1. Let n be z(3). Let o be (-8)/(32/(-266))*24/42. Let g = o + n. Is g a prime number?
False
Let v(m) = 8827*m**2 + 265*m - 2059. Is v(8) a prime number?
True
Let c = -67 + 71. Suppose c*a - 2772 = 4672. Is (0 + a/(-2))*-2 a composite number?
False
Suppose -115 = -4*f - 5*c, 16*c - 11*c = -2*f + 55. Is f/(-90)*-231069*1 a prime number?
True
Suppose 2*j - 34 = 5*h - 0*j, -2*j + 10 = -2*h. Is (-49502)/h + (-135)/180 a prime number?
False
Let m be (-179511)/(-15) + (-63)/45. Let h = 231 + m. Is h composite?
False
Suppose 9*k - 8*k + 3800 = 3*c, c = -3*k + 1270. Is (5 - (c - 3))*-1 a composite number?
False
Suppose -69363 = -y + 2*s, -2*y - s = -3*s - 138734. Is y composite?
False
Suppose n - 6*n - 319 - 321 = 0. Let h be (1570/2)/((-1)/3). Let p = n - h. Is p a prime number?
False
Suppose -4*d - 60 = -4*m, 4*m - 2*m - d = 29. Let k = m + 12. Let f = k - 24. Is f composite?
False
Suppose -16*o + 11*o + 256880 = -5*j, -8*j = -o + 51411. Is o a composite number?
True
Let u be (-8022)/7*-1 - 2. Let j = u - -723. Is j a composite number?
False
Let i be -3*37/(-21) - 4/14. Let v(z) = -z + 7. Let n be v(i). Is ((-1281)/21)/(n/(-6)) a composite number?
True
Let l = -1932 - -3617. Let c be (-4)/6 + (-2836)/3. Let m = c + l. Is m composite?
False
Suppose 4*j = 5*h + 2, 2*j + 0*h - 4 = h. Let x be 6/(-9)*j/2. Is -262*14/4*x composite?
True
Is (406 + -5)*(100 - (-3)/(-1)) a composite number?
True
Suppose -m + 6*m - 250099 = 2*w, -150060 = -3*m + w. Is m composite?
False
Suppose 2*h - 11 + 5 = 0. Suppose h*r = -r + 12. Suppose 0 = r*t - 692 - 1309. Is t a composite number?
True
Let k = 11 - 13. Is 27776/10 + k/(40/12) composite?
False
Let n = 8950 - 911. Is n prime?
True
Is 3*6/(-9)*(-18 - 677980/8) composite?
False
Let k(g) = g**3 + 37*g**2 + 103*g + 30. Let w be k(-34). Is (2268760/(-416))/(1/w) a composite number?
True
Suppose 3*d - 8 + 2 = 0, -4*d = j - 4667. Let q = -1205 - 1743. Let w = j + q. Is w a prime number?
False
Suppose -171 = 15*s - 34*s. Suppose -5*h = -3*u + 8362, u - 7*h = -s*h + 2791. Is u a prime number?
True
Is (-11 + 17 + -9)/(9/(-687993)) composite?
True
Suppose 5*i - 4235 = n, 8*n - 3*n + 847 = i. Let o = i + 2446. Is o a prime number?
False
Let w = 181257 - 40280. Is w prime?
True
Suppose 0 = 12*b - 16*b + 28960. Let w = 10833 - b. Is w a prime number?
True
Suppose -25*j = 14*j - 19*j - 801620. Is j prime?
False
Let u = -137361 + 216854. Is u a composite number?
False
Let r be (-2 - -4) + -6 + -37771. Let x be 4/14 - r/(-35). Is (-2 + 1)*(6 + x) a composite number?
True
Suppose -5*r - 20 = -3*z, 24 = -12*z + 17*z + r. Suppose z*j - 21142 - 1069 = -3*i, -4*j + 3*i = -17758. Is j a composite number?
False
Let l(k) = -35202*k**3 - 2*k**2 + 27*k + 55. Is l(-2) prime?
True
Suppose 677*g = 229784384 + 47218967. Is g a prime number?
True
Suppose -7*k - 90225 = -16*k. Suppose -5*v + 10 = -5*x, -3*v + 13 = -4*x + 5. Suppose v = -11*n - 2182 + k. Is n a prime number?
False
Is 606943 + 0/118*2/(-12) a prime number?
True
Suppose -7*k - 19777 = -3*k - 3*n, 15 = 5*n. Let z = k + 10907. Is z a prime number?
False
Suppose 7*l + 5334 = 9*l. Suppose 7*t + 0*t = l. Suppose -14*w + 17*w = t. Is w composite?
False
Let b(p) be the third derivative of 19*p**8/20160 + p**7/720 - p**6/720 + p**5/60 + 20*p**2. Let u(o) be the third derivative of b(o). Is u(-3) composite?
False
Is 23826/6 + -16 + -2 composite?
True
Suppose o - 596 = -96. Suppose 3658 = 2*s + o. Is s composite?
False
Let u = 310 + -207. Let z = -55 + u. Is -3*(-1324)/z*12/3 prime?
True
Is ((-996103)/4)/(34/(-8) + 4) prime?
True
Suppose -5*h + 12*k = 9*k - 101045, -2*k - 80836 = -4*h. Is h a composite number?
True
Let l(u) = -u**2 + 19*u - 16. Let y be l(18). Let c(j) = 2*j - 4. Let w be c(y). Suppose 2*o + w*a - 3*a = 601, 2*o + 5*a = 561. Is o a composite number?
False
Let l be 3/24*-2 + 44290/8. Let h = 18 - 15. Suppose 2*o = h*a - 2*a + 3689, l = 3*o - a. Is o a composite number?
False
Suppose 45*n - 14504303 - 17726902 = 0. Is n a prime number?
True
Let y(u) = 52*u**2 - 22*u + 82. Let z be y(6). Suppose j - z = 935. Is j a prime number?
False
Let d(v) = 19*v**2 - 17*v - 67. Suppose -2*u + 76 = -6*u + 5*k, 5*u + 2*k = -95. Is d(u) a prime number?
False
Suppose 36 = -v + 2*w, -3*w = -3*v - 8*w - 108. Let a be 48/v - (-418)/3. Suppose -a = -2*s + 32. Is s composite?
True
Let w = 3249 - -1116. Let j be ((-3288)/10)/(2/(-10)). Let t = w - j. Is t composite?
True
Suppose 10*a - 5*a - 85 = 0. Suppose -u = -2 + a. Let f(y) = -30*y + 51. Is f(u) a prime number?
False
Is ((-9)/(-6))/(279/102774858) prime?
True
Let s be 15*(-17)/((-255)/(-18)). Is (-4)/s + (-508952)/(-72) a composite number?
False
Let m(o) = 8238*o - 1652. Is m(23) prime?
False
Let v be (6/8)/((-39)/26)*-20. Suppose 0 = -v*g + 46695 + 23195. Is g prime?
False
Let g be (12/(-10))/((-44)/110). Suppose 5*x = -g*j + 2468, -2*x - 2*j = -7*x + 2463. Is x a composite number?
True
Suppose -2072000 = 130*u - 3440265 - 4629025. Is u a composite number?
False
Let a(v) = 607*v - 11 - 6*v**3 - 38*v**2 - 1816*v + 611*v + 604*v. Is a(-15) prime?
False
Let c = -48 - -42. Let x be (-1 + 5)*(2 + 3/c). Suppose x*y - 454 + 160 = 0. Is y composite?
True
Let p(y) be the third derivative of -11*y**4/2 + 23*y**3/6 - 25*y**2 - 2*y. Is p(-3) a composite number?
False
Let l = 3 + 0. Suppose -34*f - 1 = -165*f - 1. Suppose 5*a - c = l*c + 7858, f = 4*a - 4*c - 6284. Is a composite?
True
Let k = 64495 - -95578. Is k a prime number?
True
Let c(d) be the first derivative of -d**4/4 + 2*d**3 + 15*d**2/2 + 9*d - 84. Let l = 8 + -1. Is c(l) composite?
True
Let d(a) = -131 + 63*a + 184*a + 263 - 162. Is d(13) composite?
False
Let m(o) = o**3 + 5*o**2 + 17*o + 13. Let w be m(-9). Is (17 + w)*2/(-6) composite?
False
Let b be ((-6690)/(-4))/(78/780). Let v = 10 + -4. Suppose 9*w - b = -v*w. Is w a prime number?
False
Suppose -9*c = 5*g - 46959, -3*g + 1507 + 26702 = -3*c. Let x be 15834/10 + 4/(-10). Suppose -4*j + g = x. Is j a composite number?
True
Let j = 746693 - 463230. Is j prime?
True
Suppose -2*t - 26 = -4*d, -d - 11 = -t + 4*t. Suppose s = 2*q - 3502, s + d = 2*s. Is q a composite number?
False
Suppose -21*a - 218702 = -43*a. Is a a prime number?
True
Suppose -10*m + 0*m = -20. Let w(c) = -4*c + 11. Let v be w(m). Is 4/v + (-31031)/(-39) prime?
True
Let v(t) = -5726*t**3 - 5*t**2 - 5*t + 4. Is v(-2) a composite number?
True
Suppose 2*b - 4*l - 3079 = 6615, l - 9714 = -2*b. Is b a composite number?
True
Suppose -4*a + 3*g + 22713 = -a, -2*g + 7574 = a. Suppose 2*p = -4*y - 4, 2*p - 4*y - 34 = -p. Suppose -p*f + 2*f = -a. Is f a composite number?
True
Let a = 30400 + -12343. Suppose -8*b + 9199 + a = 0. Is (b - (-2 - 0))/(7/7) composite?
True
Let a = -55 - -70. Suppose -18*u + 6591 = -a*u. Suppose -x = -4*q - u, q = -x - 4*x + 10901. Is x a composite number?
True
Let z be (-4641)/(9 - 2) - -5. Let c = 23061 - z. Is c a composite number?
False
Is (-3864)/(-3542) - 49909858/(-22) composite?
False
Suppose 0 = -4*v - 6*z + 3*z + 9, 2*v - z - 7 = 0. Suppose 7 = a + b, v*b = a + 2*b - 5. Suppose 0 = -a*x + 3*x + 1221. Is x a prime number?
False
Let r be 10/65 + 50/13. Suppose -5*f - 1735 + 24109 = r*t, 4*f - 3*t = 17924. Suppose -4*n - 1702 = -f. Is n composite?
True
Let w be 28/(-2)*((-162)/63)/3. 